ulate the remainder when g is divided by d.
14
Let u(l) = 14*l**2 - 11*l + 11. Calculate the remainder when u(3) is divided by 11.
5
Let o = -927 + 1010. Calculate the remainder when o is divided by 11.
6
Let n(j) = -7*j - 27. What is the remainder when 282 is divided by n(-6)?
12
What is the remainder when (90/3)/((2 + 5)/7) is divided by 6?
0
Let p(a) = a**3 + 9*a**2 + 4*a + 3. Let g(h) = h**2 + 6*h + 15. What is the remainder when p(-7) is divided by g(-6)?
13
Suppose 23*t = 29*t - 642. Calculate the remainder when t is divided by 39.
29
Suppose -5*j + 87*o = 90*o - 528, 2*o - 208 = -2*j. Calculate the remainder when 969 is divided by j.
105
Let f(y) = 13*y + 128. What is the remainder when 15 is divided by f(-9)?
4
Let z(w) = 35*w + 188. Calculate the remainder when z(10) is divided by 49.
48
Let c = 63 + -111. Suppose 434 = 9*t - 349. Let y = t + c. Calculate the remainder when y is divided by 11.
6
Let o = 1520 - 767. What is the remainder when o is divided by 27?
24
Suppose 3*a + 0 = -c + 95, 20 = -5*c. Calculate the remainder when 108 is divided by a.
9
Let w = -36 - -65. What is the remainder when 55 is divided by w?
26
Let c = 403 + -326. Calculate the remainder when c is divided by 45.
32
Calculate the remainder when (2844/20)/(66/110) is divided by 120.
117
Let i = 286 + -250. What is the remainder when i is divided by 20?
16
Let l = -74 - -141. Suppose 3*c = 23 + l. Suppose c = -g + 4*g. What is the remainder when g is divided by 5?
0
Calculate the remainder when 542 is divided by (-1 + 0)/(292/(-32) + 9).
6
Suppose 0 = g - 53 - 61. Suppose 0 = 9*y - 6*y - g. Calculate the remainder when y is divided by 13.
12
Let u be (-10)/(-4) - 6/(-12). Let n be (-2)/((u + -1)/(-2)). Calculate the remainder when n - (1 - (-3 + 37)) is divided by 9.
8
Let p(i) = -i**3 + 4*i**2 + 3*i + 1. Let a = -64 + 54. Calculate the remainder when p(-2) is divided by (-756)/(-105) + 2/a.
5
Let s(k) = -3*k - 61. What is the remainder when 3*15 - (-6 - -3) is divided by s(-26)?
14
Suppose 4*h - 2352 = 4*l, 2*h - 10*l + 9*l = 1176. What is the remainder when h is divided by 5?
3
Let y = 1795 + -1751. Calculate the remainder when 476 is divided by y.
36
Let u(r) = 7*r**2 + 11*r**2 - 1 - 8*r**2. Suppose 4*n - 5 - 3 = -4*s, -2*s + 2*n = 0. Calculate the remainder when 34 is divided by u(s).
7
Let l(t) = t**3 + 15*t**2 - 22*t + 2. What is the remainder when l(-16) is divided by 21?
14
Suppose 2*i = 3*m + 299, -314 = -2*i + 2*m - 4*m. What is the remainder when i is divided by 78?
76
Suppose -502 = -5*g - w, -13*g - 2*w = -10*g - 297. Calculate the remainder when g is divided by 45.
11
Let h(q) = 43*q**2 + 2*q + 1. Suppose 9 = -3*s + 87. Calculate the remainder when h(-1) is divided by s.
16
Let p(d) = 6*d - 19. What is the remainder when p(7) is divided by 9?
5
What is the remainder when (-2 - -36) + 4/2 is divided by 20?
16
Let b = -4 + 8. Let z = -408 + 415. What is the remainder when z is divided by b?
3
Suppose -108 = -3*y + 12. What is the remainder when y is divided by (-4)/14 - 978/(-42)?
17
Suppose 3 = -i, -3*z + 165 = -2*i - 93. What is the remainder when z is divided by 18?
12
Suppose 0 = -2*m + 3*s + 252, 0 = -5*m - s - 197 + 861. Calculate the remainder when m is divided by 56.
20
Suppose 6*t + 414 - 3666 = 0. Calculate the remainder when t is divided by 178.
8
Suppose 5*o - 6*o + 29 = 0. Let d = o - 35. What is the remainder when 81 is divided by (-6)/4*112/d?
25
Let z = 157 - 94. What is the remainder when 235 is divided by z?
46
Suppose 5*h = -4*r + 1178, 16*r - 20*r - h + 1170 = 0. Calculate the remainder when r is divided by 25.
17
Suppose -2*y = y - 36. Suppose -3*m + 0*m = 36. Let j = 34 + m. What is the remainder when j is divided by y?
10
Suppose -2*u = -4*u. Suppose u*o - 15 = -o. Let d(f) = -7*f + 10. What is the remainder when d(-7) is divided by o?
14
Suppose 47*w = 45*w + 238. Calculate the remainder when w is divided by 42.
35
Let i(f) = -5*f**3 - 2*f**2 - 7*f - 14. Suppose 2*x + b - 28 = 0, 114 = 4*x - 2*b + 42. What is the remainder when i(-3) is divided by x?
12
Let m = 70 - 33. Calculate the remainder when 885 is divided by m.
34
Let j(h) = 2*h + 21. Let c be ((-5)/5)/((-2)/(-22)). Let x be j(c). Let p = x - -21. Calculate the remainder when p is divided by 12.
8
Let u be 60/25 - 9/(-15). Let f(w) = u*w**3 - 1 + 3*w - 4*w**3 + 0*w + 3*w**2. What is the remainder when 22 is divided by f(3)?
6
Let c(d) = d**3 - 5*d**2 + 4*d - 3. Let j be c(4). Let v(k) = -k**3 - 4*k**2 - 5*k - 2. Calculate the remainder when 9/(108/20)*9 is divided by v(j).
3
Let m(t) = 3*t**3 - 79*t**2 + 37*t - 19. Calculate the remainder when m(26) is divided by 68.
63
Suppose -2*x = -16 - 2. Let r = -61 + 104. Suppose 0 = -3*p + 2*p + 5*w + r, 5*w = 4*p - 142. What is the remainder when p is divided by x?
6
Let x(h) = h**2 + h - 2. Suppose 167 = 33*f + 35. What is the remainder when x(4) is divided by f?
2
Let h = 62 + -38. Suppose -2*v + 0*w - 2*w = -h, 0 = 2*v - 3*w - 14. Let b(l) = 5*l - 23. What is the remainder when b(8) is divided by v?
7
Suppose 2*h = 3*h + 3*y - 21, 0 = h - 5*y + 19. What is the remainder when 9/(-2)*(-40)/h is divided by 92/4 - (-2 - -9)?
14
Let i = -247 - -277. Suppose -6*d + d + 80 = 0. What is the remainder when i is divided by d?
14
Let c = -247 + 276. What is the remainder when 318 is divided by c?
28
Suppose 2*m + 9 = 17. Calculate the remainder when 75 is divided by 2/m + 46/4 + 4.
11
Let l be (8 + 2)*2/5. Let a(r) = -3 + r + 3*r**3 - r + 0*r - l*r**2 + 4*r. What is the remainder when 24 is divided by a(2)?
11
Suppose 0 = -6*z + 2*z + 12. Suppose 8*p - 5*a + 16 = 7*p, 4*p + 5*a - 61 = 0. Calculate the remainder when (-1 - 1)/(z/(-36)) is divided by p.
6
Let f(c) = -c + 14. Calculate the remainder when 212 is divided by f(-17).
26
Suppose -5*t + 11*t = 198. Suppose -6*v + t = -5*v. Let l = 2 - -10. What is the remainder when v is divided by l?
9
Suppose -2*d + 6 = -2. Suppose -3*t - 2*t + 5 = 0, 3*b - 32 = d*t. What is the remainder when b is divided by 7?
5
Let l(u) = u**2 + 6*u + 7. Let k be l(-5). Let m = k - -1. Suppose 4*g - 7*g = -m. Calculate the remainder when 3 is divided by g.
0
Let m(v) = -v**2 - 7*v - 3. Let g be (-6)/2 + (0 - 1). Calculate the remainder when (18 - -1 - 0) + g is divided by m(-3).
6
Let w = 476 + -439. Calculate the remainder when (-3)/(0 + -3) + 68 is divided by w.
32
Suppose 5*l = -4*z + 275, -320 = -5*l - 88*z + 93*z. Calculate the remainder when l is divided by 10.
9
Let u(f) = -3*f + 1. Let v be u(-1). Suppose -x - 4*x - 27 = -v*w, x + 4*w = -15. What is the remainder when (-171)/(-4) + x/(-28) is divided by 15?
13
Suppose -30 = -3*s + 3. Let g = 59 - s. Calculate the remainder when g is divided by 17.
14
Suppose 0 = 3*n + s - 8, 0 = -n - 3*s + 6*s - 14. What is the remainder when n is divided by 1?
0
Let c = 495 + -481. Calculate the remainder when 1833 is divided by c.
13
Let q(r) = 2*r**2 - 19*r + 4. Let i be q(9). Calculate the remainder when 53 is divided by (1 - i)/(3/9).
17
Let v = 415 + -399. What is the remainder when 94 is divided by v?
14
Suppose s = -4*v - 4*s - 15, v = 2*s + 6. Let j be 17/4 - (-2)/(-8). Let o = j - v. What is the remainder when 14 is divided by o?
2
Let b = 5 + -2. Suppose t = -3*n + 48, 0*n = -2*n - 4*t + 42. What is the remainder when n is divided by 4/b*6/2?
3
Let a = 22 + -3. Calculate the remainder when 72 is divided by a.
15
What is the remainder when (-5)/(-3)*25434/270 is divided by 60?
37
Let a(q) = -3*q + 115. Calculate the remainder when a(25) is divided by 13.
1
Let o = -35 - -40. What is the remainder when 61 is divided by (-8)/((o + -3)/(-4 - 0))?
13
Suppose -2*h + 11666 = 36*h. What is the remainder when h is divided by 52?
47
Suppose 3*o - 21 = -3. Suppose 0 = -3*g + o, 2*c + 5*g = 7*c + 10. Suppose 7*y - 2*y - 175 = c. Calculate the remainder when y is divided by 19.
16
Let b(w) = 2*w**2 - 1. Let s be b(-1). Let r(o) = o**2 + o - 2. Let g be r(-1). What is the remainder when 2*(g + 5 + s) is divided by 5?
3
Suppose 0 = -68*a + 62*a + 2754. Calculate the remainder when a is divided by 11.
8
Let p be ((-4)/12)/((-2)/18). Let r be -4 + 1 + (55 - p). Let n = 82 - r. Calculate the remainder when n is divided by 17.
16
Suppose -2*h - 14 + 4 = 0. Let m(c) =